
What are the prime factors of 240790291?
7, 1123, 30631
List the prime factors of 281967656.
2, 2819, 12503
What are the prime factors of 154970662?
2, 7, 11, 1006303
List the prime factors of 1999409259.
3, 53, 859, 14639
What are the prime factors of 1054269208?
2, 113, 1166227
List the prime factors of 933674367.
3, 211, 1474999
List the prime factors of 33663795.
3, 5, 11, 204023
List the prime factors of 1759735950.
2, 3, 5, 7, 29, 57791
What are the prime factors of 5104468607?
7, 37, 19708373
List the prime factors of 188026817.
11, 17, 23, 43717
What are the prime factors of 74115457?
13, 113, 3881
What are the prime factors of 158775932?
2, 7, 19, 298451
What are the prime factors of 171121735?
5, 34224347
What are the prime factors of 62989055?
5, 31, 406381
List the prime factors of 115096671.
3, 101, 127, 997
What are the prime factors of 3928860724?
2, 29, 33869489
List the prime factors of 53408942.
2, 26704471
List the prime factors of 368680730.
2, 5, 11, 3351643
List the prime factors of 1145418038.
2, 572709019
List the prime factors of 2937539684.
2, 17, 43199113
List the prime factors of 70265198.
2, 2767, 12697
What are the prime factors of 523315162?
2, 12239, 21379
What are the prime factors of 3758566999?
11, 179, 1908871
What are the prime factors of 108679320?
2, 3, 5, 3727
List the prime factors of 2089535074.
2, 11, 4787, 19841
List the prime factors of 189604633.
189604633
What are the prime factors of 637759766?
2, 7, 1913, 23813
What are the prime factors of 55344700?
2, 5, 553447
What are the prime factors of 165826?
2, 82913
List the prime factors of 3266945699.
59, 55371961
What are the prime factors of 1889653822?
2, 7, 134975273
List the prime factors of 46576652.
2, 1879, 6197
List the prime factors of 419271996.
2, 3, 11, 13, 73, 3347
What are the prime factors of 46885218?
2, 3, 17, 673, 683
What are the prime factors of 408687658?
2, 283, 722063
List the prime factors of 34386053.
13, 17, 155593
What are the prime factors of 71926433?
2099, 34267
List the prime factors of 1981364261.
107, 113, 163871
List the prime factors of 17051615.
5, 7, 131, 3719
List the prime factors of 37635961.
11, 311041
What are the prime factors of 120595940?
2, 5, 6029797
What are the prime factors of 223462527?
3, 2161, 34469
What are the prime factors of 46676774?
2, 23338387
List the prime factors of 679315848.
2, 3, 28304827
List the prime factors of 17292007.
2287, 7561
What are the prime factors of 1045568552?
2, 7, 29, 41, 383
What are the prime factors of 4060900?
2, 5, 40609
List the prime factors of 317937001.
41, 79, 103, 953
List the prime factors of 344141289.
3, 29, 1318549
List the prime factors of 959866464.
2, 3, 53, 188653
List the prime factors of 261188545.
5, 52237709
What are the prime factors of 60940821?
3, 20313607
What are the prime factors of 478123091?
478123091
List the prime factors of 64934365.
5, 41, 316753
What are the prime factors of 4194031?
79, 53089
What are the prime factors of 74352327?
3, 7, 3540587
What are the prime factors of 1916351449?
2971, 645019
What are the prime factors of 331839565?
5, 139, 367, 1301
List the prime factors of 223806443.
7, 43, 107, 6949
List the prime factors of 1335918682.
2, 7, 1307, 73009
List the prime factors of 118920989.
11, 83, 130253
List the prime factors of 489714577.
11, 44519507
List the prime factors of 86744683.
127, 797, 857
List the prime factors of 5882447708.
2, 23, 63939649
What are the prime factors of 37526310?
2, 3, 5, 17, 24527
List the prime factors of 2420250468.
2, 3, 73, 653, 4231
List the prime factors of 627819071.
11, 19, 37, 4273
List the prime factors of 104298164.
2, 997, 26153
What are the prime factors of 192889490?
2, 5, 373, 51713
List the prime factors of 2783518149.
3, 67, 13848349
List the prime factors of 2878958971.
7, 411279853
List the prime factors of 45923814.
2, 3, 853, 997
List the prime factors of 2494906417.
17, 71, 307, 6733
List the prime factors of 1732074644.
2, 47, 9213163
What are the prime factors of 2665525500?
2, 3, 5, 11, 53849
What are the prime factors of 156994808?
2, 19624351
List the prime factors of 128956074.
2, 3, 13, 61, 27103
List the prime factors of 56472521.
7, 17, 23, 47, 439
What are the prime factors of 2136711842?
2, 19, 56229259
What are the prime factors of 573337466?
2, 13, 89, 247769
What are the prime factors of 24251616?
2, 3, 28069
List the prime factors of 12337863.
3, 4112621
List the prime factors of 86395918.
2, 7, 881591
What are the prime factors of 1077850591?
1077850591
List the prime factors of 63471797.
173, 366889
List the prime factors of 68593504.
2, 7, 17, 18013
What are the prime factors of 8575294748?
2, 449, 4774663
List the prime factors of 30278287.
13, 173, 13463
What are the prime factors of 2713278636?
2, 3, 197, 382583
What are the prime factors of 569424022?
2, 67, 4249433
List the prime factors of 57002014.
2, 19, 1153, 1301
What are the prime factors of 216540711?
3, 103, 191, 1223
List the prime factors of 37652787.
3, 4183643
List the prime factors of 306476086.
2, 7, 1163, 2689
What are the prime factors of 147938579?
19, 7786241
List the prime factors of 206795318.
2, 191, 541349
List the prime factors of 67278697.
1091, 61667
What are the prime factors of 24278489?
24278489
What are the prime factors of 31308039?
3, 7, 55217
List the prime factors of 477176065.
5, 8311, 11483
List the prime factors of 1253243483.
971, 1290673
List the prime factors of 247202820.
2, 3, 5, 73, 6271
List the prime factors of 31652430.
2, 3, 5, 113, 9337
List the prime factors of 2778273204.
2, 3, 7, 33074681
List the prime factors of 42174292.
2, 83, 127031
List the prime factors of 33960950.
2, 5, 679219
List the prime factors of 115527310.
2, 5, 59, 195809
What are the prime factors of 48863164?
2, 7, 1745113
What are the prime factors of 45453520?
2, 5, 7, 23, 3529
What are the prime factors of 2730122335?
5, 3371, 161977
What are the prime factors of 76161552?
2, 3, 1586699
List the prime factors of 2030309556.
2, 3, 11, 157, 313
List the prime factors of 69384916.
2, 37, 468817
What are the prime factors of 32773627?
89, 368243
What are the prime factors of 4493687600?
2, 5, 179, 62761
List the prime factors of 3665130571.
19, 37, 53, 98369
What are the prime factors of 39433396?
2, 9858349
What are the prime factors of 691577207?
691577207
What are the prime factors of 8244579070?
2, 5, 7, 13, 29, 312413
What are the prime factors of 364559188?
2, 7, 13019971
List the prime factors of 1020684143.
71, 14375833
What are the prime factors of 768826669?
13, 59140513
List the prime factors of 124893735.
3, 5, 1019, 8171
List the prime factors of 57335117.
7, 29, 282439
List the prime factors of 47034664.
2, 5879333
List the prime factors of 210481475.
5, 31, 101, 2689
What are the prime factors of 2697875513?
43, 269, 233239
What are the prime factors of 38237158?
2, 19, 1006241
What are the prime factors of 2779638?
2, 3, 53, 8741
What are the prime factors of 735876936?
2, 3, 10220513
What are the prime factors of 871828644?
2, 3, 997, 72871
List the prime factors of 55568100.
2, 3, 5, 7, 47, 563
List the prime factors of 121685377.
11, 11062307
List the prime factors of 906069064.
2, 419, 270307
What are the prime factors of 940105394?
2, 3709, 126733
List the prime factors of 4623851644.
2, 23, 163, 503, 613
What are the prime factors of 38731811?
103, 523, 719
What are the prime factors of 18154608?
2, 3, 613, 617
List the prime factors of 40484540.
2, 5, 2024227
List the prime factors of 41253541.
7, 19, 73, 607
List the prime factors of 2590577749.
107, 24211007
List the prime factors of 23487609.
3, 7829203
List the prime factors of 417444531.
3, 7, 29, 685459
List the prime factors of 2147810982.
2, 3, 47, 367, 20753
What are the prime factors of 257856925?
5, 53, 194609
List the prime factors of 4563249.
3, 19, 223, 359
List the prime factors of 12385813.
11, 29, 41, 947
What are the prime factors of 808401432?
2, 3, 33683393
What are the prime factors of 2411578840?
2, 5, 11, 107, 181, 283
List the prime factors of 72612813.
3, 7, 13, 19, 13999
What are the prime factors of 1135084236?
2, 3, 11, 13, 269, 2459
List the prime factors of 700582952.